ors of u.
23
Let n(w) = w + 9. Let l be n(-8). List the prime factors of -3 + 17 + 2*l.
2
Suppose -4 - 5 = -3*q. Let f = -3 + q. What are the prime factors of (f - 1)/(3/(-15))?
5
Let o(y) = y**3 - 9*y**2 + 9*y - 4. Let v be o(8). Suppose -v*b + 50 = -9*b. Let k = -5 - b. What are the prime factors of k?
5
Let h = -33 + 21. Let y = h - -22. What are the prime factors of y?
2, 5
Let g be ((-15)/(-4))/((-2)/8). Suppose -3*p - 5*c = 2*p + 135, -53 = 2*p + c. Let z = g - p. What are the prime factors of z?
11
Let g(o) = 24*o. Let s be g(1). Let n = -16 + s. What are the prime factors of 1*n - (1 - 2)?
3
Let z be -2 - (-1 - 9/(-3)). List the prime factors of 4/z + 6/1.
5
Let z(n) = -n + 2. Suppose -8 = 4*j - 4*q, -2*j + 5*q - q = 0. What are the prime factors of z(j)?
2, 3
Suppose -3*h + 388 = -410. List the prime factors of (-2)/(-9) - h/(-18).
3, 5
Let z = -2 - -2. Suppose z = n - 0*n - 15. Let i = n - 10. What are the prime factors of i?
5
List the prime factors of (-2 - -3)/(1/15).
3, 5
Suppose -5*p + p = -20. Suppose -4*c + 197 = c + 3*t, -c + 35 = p*t. List the prime factors of c.
2, 5
Suppose -7*v + 10*v = 108. What are the prime factors of v?
2, 3
Let h(t) = t + 10. Let a be h(-11). Let z(v) = 6*v**2 + 1. What are the prime factors of z(a)?
7
Suppose 2*q - 6*q = 64. Let p = 27 + q. What are the prime factors of p?
11
Let m = 11 - 8. Let q be -5 + (m - (2 - 1)). What are the prime factors of (q + -36)*(-1)/3?
13
Let n = 16 + 6. List the prime factors of n.
2, 11
Suppose 0 = 5*j + 10*j - 5550. List the prime factors of j.
2, 5, 37
Suppose 2*y + 46 = 3*p - 2*p, 0 = -3*y - 3. List the prime factors of p.
2, 11
Suppose 3 = -3*u + 12. Let f = -1 + u. What are the prime factors of f?
2
Suppose 25 = 5*c - 170. Let k = -30 + c. List the prime factors of k.
3
Let k(h) = -4*h - 4. Let p be k(3). Let n = -2 - p. List the prime factors of n.
2, 7
Let r(g) = -g**3 + 10*g**2 + 5*g - 13. What are the prime factors of r(10)?
37
Let l(b) = -b**3 + 9*b**2 + 11. What are the prime factors of l(9)?
11
List the prime factors of ((-87)/9)/((-3)/9).
29
Suppose -4*s - s = 0. Suppose s*p + 20 = 2*p. List the prime factors of p.
2, 5
Suppose -17 = -5*n - 4*x - 2, 2*x + 31 = 3*n. Let d(o) = 7*o + 4. List the prime factors of d(n).
53
Suppose -5*q = -3*k - 13, 0 = 2*q - k - k - 2. Suppose y = -0*x + 4*x - 156, q*y - 94 = -3*x. What are the prime factors of x?
2, 19
Suppose -3*l + 186 = -18. What are the prime factors of l?
2, 17
Suppose 2*x + 13 = -3*t, -t = t + x + 9. Let s = -2 - t. Suppose -s*c = -34 + 13. List the prime factors of c.
7
Let j = 63 + 242. List the prime factors of j.
5, 61
Let f(k) be the second derivative of -k**3/3 + k**2/2 - k. List the prime factors of f(-2).
5
What are the prime factors of (-786)/(-24) + (-1)/(-4)?
3, 11
Let z = 82 - 43. What are the prime factors of z?
3, 13
Let o(q) = -q**3 - 13*q**2 - 13*q + 10. Let h be o(-12). Let i = h - -17. What are the prime factors of i?
3, 13
Suppose -50 = m - 2*m. Suppose 0 = -5*t - 2*b + 73, -5*t = -2*t - 5*b - m. What are the prime factors of t?
3, 5
Let z(g) = g**3 - 16*g**2 + g + 22. Let a be z(16). What are the prime factors of a - (-6)/3 - 0?
2, 5
Suppose -4*y - 1 = -25. Let x(r) = -3*r + 2 - 8 + y*r. List the prime factors of x(5).
3
Let h = 2 - -8. What are the prime factors of h?
2, 5
What are the prime factors of (-3902)/(-14) + (-16)/(-56)?
3, 31
Suppose -3*w = -4*w. Let p(b) = 10*b**2 + b**3 - 10*b**2 + 8. List the prime factors of p(w).
2
Let f = 6 - -26. Let z be f/(-12)*(-3)/2. Suppose x + z*x - 50 = 0. List the prime factors of x.
2, 5
Suppose 3*r - 48 = 2*x, 0*x = x + 3. What are the prime factors of r?
2, 7
Let f(h) = -h**2 - 8*h + 4. Let d be f(-8). List the prime factors of d/(-2) + 4 - -39.
41
Let i be (-2)/(-2*(-1)/(-9)). Suppose -3*c = v - 6, 2*c - 5*v - 17 = 4. List the prime factors of c*((-30)/i)/(-1).
2, 5
Suppose 5*p - 33 = -2*b - 0*b, -b + 24 = 5*p. Suppose 0*m + 3*m = b. Suppose -m*g = -5 - 1. What are the prime factors of g?
2
Let z = 12 + -6. Suppose -z*r = -4*r - 26. List the prime factors of r.
13
Suppose 2*g - y = -0*y + 87, y + 42 = g. List the prime factors of g.
3, 5
Suppose u + 1 = -5*f, 3*f + 4 - 13 = -3*u. Let m(h) be the first derivative of 2*h**3/3 - h**2/2 + 1. List the prime factors of m(f).
3
Let b = -45 - -93. Suppose 0*d - b = -4*d. What are the prime factors of d?
2, 3
Let q = -91 + 127. Suppose 5*u - 25 = -5*d + 35, 0 = -5*d + 3*u + q. Let v = 24 - d. List the prime factors of v.
3, 5
Let i(d) = -2 + 2*d**2 - 2*d - 8*d - 3*d**2. Let p(a) = -3*a + 4. Let v be p(4). What are the prime factors of i(v)?
2, 7
Let n(k) = 4*k - 11. Let x = 16 - 11. List the prime factors of n(x).
3
Let f(w) = -11*w**3 - 2*w - 3. Let c be f(-2). Suppose -4*t + c = -15. What are the prime factors of t?
2, 13
Let f(b) = b**2 - 3*b - 3. Let w be 4/(2/((-6)/(-3))). Let q be f(w). Let h(o) = 5*o**3 + o**2 - o. What are the prime factors of h(q)?
5
Let k be (5/(5/(-2)))/1. List the prime factors of k/(-3) - 48/(-9).
2, 3
Suppose 0 = -4*d + 3*d + 2*n + 6, d - 9 = 3*n. Let g(a) = -2*a + 3*a + 3 + 1 - a**2. List the prime factors of g(d).
2
Let p(k) = k**3 + k. Let h be p(0). Let v(l) = 5*l**2 + l + 1. Let w be v(-1). Suppose w*i + 10 = h, -d + 22 = -0*d - 5*i. List the prime factors of d.
2, 3
What are the prime factors of 22/(-77) - (-1082)/14?
7, 11
Let d be 1/3 - 11/(-3). Let c(l) = l**2 - 2*l. Let w be c(d). Suppose -4*h + 0 + w = 0. List the prime factors of h.
2
Let h be (-1)/1 + -5 - -1. Let u be 2 + h - (-1)/(-1). Let z = 2 - u. List the prime factors of z.
2, 3
Suppose 3*n = 0, a - 3*n = -5*n - 11. Let g(w) = w**3 + 11*w**2 - 2*w - 5. List the prime factors of g(a).
17
List the prime factors of (301/21)/((-4)/(-12)).
43
Suppose 0 = -4*u - 4*f - 96, -3*u + f = -0 + 64. Let x = 35 + u. What are the prime factors of x?
13
What are the prime factors of (40 - -5) + (-3 - (-1 + -3))?
2, 23
Let s(k) = 2*k**2 - 7*k - 8. List the prime factors of s(9).
7, 13
Let n(y) = -y**3 - 6*y**2 + 5*y + 17. List the prime factors of n(-8).
3, 5, 7
What are the prime factors of (5 - 14)/(3/(-57))?
3, 19
Let r be 1 + 2 - (2 - 0). Suppose -3*l - 5 = r. List the prime factors of (0 - -9) + 1 + l.
2
Let k(z) = z**3 - 2*z**2 + 2*z. Suppose 0 = b - 0*b + 3. Let c(i) = -2*i - 3. Let o be c(b). List the prime factors of k(o).
3, 5
What are the prime factors of 8/3*(-549)/(-12)?
2, 61
Suppose -2*k + 7*k - 20 = 0. Suppose 3*u - k = 26. What are the prime factors of u?
2, 5
Let m(s) = -s**2 - 6*s + 9. Let y be m(-7). Suppose 5*j = -5*v + 25, y*j = -4*v + 10 + 14. List the prime factors of v.
7
Let b(t) = -2*t**2 - 10*t + 3. List the prime factors of b(-5).
3
Let a be ((-3)/6*0)/2. Suppose a = 3*m + 31 - 139. List the prime factors of m.
2, 3
Let b = -91 + 25. Let y = -40 - b. List the prime factors of y.
2, 13
Suppose -34 = -3*x - 10. Let i be 1/2 - (-236)/x. Let l = i - 18. List the prime factors of l.
2, 3
Let h = -8 + 3. Let z = h - -1. Let f(g) = -g**2 - 5*g + 5. What are the prime factors of f(z)?
3
Suppose 5*q = 3*b + 426 + 41, q = -3*b + 79. What are the prime factors of q?
7, 13
Suppose -h + 1 = -q - 9, 2*h = 3*q + 25. Suppose h*b - 17 = -d, 4*d - 2*b - 10 = 2*d. What are the prime factors of d?
7
Let t be 0 - -17 - (3 - 4). Let b = t - 3. Suppose -4*a - 6*u + 35 = -3*u, 4*u = a + b. List the prime factors of a.
5
Suppose 5*o = i - 0 - 1, -3*o + 5 = 5*i. Suppose 0 = -v - 5*m - 12, -3*v - 2*m - 1 + 30 = o. Suppose 4*l - 3 = v. What are the prime factors of l?
2
Suppose j + 9 - 3 = 0. Let y = j + 27. List the prime factors of y.
3, 7
Suppose 2 = g - 0. Let j = 3 - g. Suppose -3*y = -34 + j. List the prime factors of y.
11
Let t be 273/4 - (-4)/(-16). Suppose o - 4*d - 32 = 0, 0*o = -4*o + 4*d + t. List the prime factors of o.
2, 3
Suppose -17 + 2 = -3*y. What are the prime factors of y/((1 - 0)/2)?
2, 5
Let p(i) = 5*i + 50. What are the prime factors of p(8)?
2, 3, 5
Suppose -2*c = 3*c - q - 57, -18 = -2*c + 2*q. What are the prime factors of c?
2, 3
Suppose 2*a - a = -10. Let c be 472/(-18) + 6/27. Let k = a - c. What are the prime factors of k?
2
Let w = -4 + 2. Let m be (-1)/(w - 7/(-4)). Suppose -f = -s - 8, -2 + m = -s. List the prime factors of f.
2, 3
Suppose -5*k + 56 = -309. List the pri